{"id":53,"date":"2017-06-16T10:40:17","date_gmt":"2017-06-16T10:40:17","guid":{"rendered":"http:\/\/printservice.ro\/printservice\/?page_id=53"},"modified":"2017-11-15T13:03:38","modified_gmt":"2017-11-15T13:03:38","slug":"imprimante-solvent","status":"publish","type":"page","link":"http:\/\/printservice.ro\/printservice\/echipamente\/imprimante-solvent\/","title":{"rendered":"Imprimante Solvent"},"content":{"rendered":"<p>[et_pb_section bb_built=&#8221;1&#8243; admin_label=&#8221;section&#8221; background_color=&#8221;#ebeada&#8221; parallax=&#8221;on&#8221; _builder_version=&#8221;3.0.53&#8243; global_module=&#8221;2057&#8243;][et_pb_row admin_label=&#8221;row&#8221; global_parent=&#8221;2057&#8243; background_position=&#8221;top_left&#8221; background_repeat=&#8221;repeat&#8221; background_size=&#8221;initial&#8221;][et_pb_column type=&#8221;4_4&#8243;][et_pb_divider global_parent=&#8221;2057&#8243; color=&#8221;#ffffff&#8221; show_divider=&#8221;off&#8221; height=&#8221;60&#8243; \/][et_pb_text admin_label=&#8221;Imprimante Solvent&#8221; global_parent=&#8221;2057&#8243; background_layout=&#8221;light&#8221; text_orientation=&#8221;center&#8221; background_position=&#8221;top_left&#8221; background_repeat=&#8221;repeat&#8221; background_size=&#8221;initial&#8221; _builder_version=&#8221;3.0.53&#8243; border_style=&#8221;solid&#8221; text_text_color=&#8221;#3f5765&#8243; header_text_color=&#8221;#3f5765&#8243; header_font=&#8221;Cuprum||||&#8221; header_font_size=&#8221;40px&#8221;]<\/p>\n<h1><strong>Imprimante Solvent<\/strong><\/h1>\n<p>[\/et_pb_text][\/et_pb_column][\/et_pb_row][et_pb_row admin_label=&#8221;row&#8221; global_parent=&#8221;2057&#8243; background_position=&#8221;top_left&#8221; background_repeat=&#8221;repeat&#8221; background_size=&#8221;initial&#8221; _builder_version=&#8221;3.0.53&#8243;][et_pb_column type=&#8221;4_4&#8243;][et_pb_image global_parent=&#8221;2057&#8243; src=&#8221;http:\/\/printservice.ro\/printservice\/wp-content\/uploads\/2017\/06\/Human-Qi-Jet.png&#8221; url_new_window=&#8221;off&#8221; animation=&#8221;bottom&#8221; show_in_lightbox=&#8221;on&#8221; _builder_version=&#8221;3.0.88&#8243; use_overlay=&#8221;off&#8221; sticky=&#8221;off&#8221; align=&#8221;left&#8221; always_center_on_mobile=&#8221;on&#8221; border_style=&#8221;solid&#8221; force_fullwidth=&#8221;off&#8221; \/][\/et_pb_column][\/et_pb_row][et_pb_row global_parent=&#8221;2057&#8243; _builder_version=&#8221;3.0.53&#8243; background_position_1=&#8221;top_left&#8221; background_repeat_1=&#8221;no-repeat&#8221; background_position_2=&#8221;top_left&#8221; background_repeat_2=&#8221;no-repeat&#8221; use_custom_gutter=&#8221;on&#8221; make_equal=&#8221;on&#8221; make_fullwidth=&#8221;on&#8221; gutter_width=&#8221;2&#8243; background_position=&#8221;top_left&#8221; background_repeat=&#8221;repeat&#8221; background_size=&#8221;initial&#8221;][et_pb_column type=&#8221;4_4&#8243;][et_pb_tabs global_parent=&#8221;2057&#8243; _builder_version=&#8221;3.0.88&#8243; border_style=&#8221;solid&#8221;] [et_pb_tab title=&#8221;Descriere&#8221; use_background_color_gradient=&#8221;off&#8221; background_color_gradient_start=&#8221;#2b87da&#8221; background_color_gradient_end=&#8221;#29c4a9&#8243; background_color_gradient_type=&#8221;linear&#8221; background_color_gradient_direction=&#8221;180deg&#8221; background_color_gradient_direction_radial=&#8221;center&#8221; background_color_gradient_start_position=&#8221;0%&#8221; background_color_gradient_end_position=&#8221;100%&#8221; parallax=&#8221;off&#8221; parallax_method=&#8221;on&#8221; background_size=&#8221;cover&#8221; background_position=&#8221;center&#8221; background_repeat=&#8221;no-repeat&#8221; background_blend=&#8221;normal&#8221; allow_player_pause=&#8221;off&#8221; tab_font_select=&#8221;default&#8221; tab_font=&#8221;||||&#8221; tab_line_height=&#8221;2em&#8221; tab_line_height_tablet=&#8221;2em&#8221; tab_line_height_phone=&#8221;2em&#8221; body_font_select=&#8221;default&#8221; body_font=&#8221;||||&#8221; body_line_height=&#8221;2em&#8221; body_line_height_tablet=&#8221;2em&#8221; body_line_height_phone=&#8221;2em&#8221;] Imprimanta de ultim\u0103 genera\u021bie,\u00a0<strong>Human Digital Qi-Jet,\u00a0<\/strong>cu noile capete industriale\u00a0<strong>Konika Minolta KM512i,\u00a0<\/strong>stabile\u0219te noi standarde \u00een ceea ce prive\u0219te imprimantele de grand format. Datorit\u0103 construc\u021biei \u00eembun\u0103t\u0103\u021bit\u0103 fa\u021b\u0103 de modelele anterioare \u0219i a noilor capete,\u00a0<strong>Qi-Jet\u00a0<\/strong>poate ob\u021bine printuri de calitate ridicat\u0103 la viteze remarcabile, optim pentru realizarea unei game diverse de aplica\u021bii. Capetele de ultima genera\u021bie (de aprox. 3x mai rapide dec\u00e2t cele din genera\u021bia anterioar\u0103) permit imprimarea cu viteze de p\u00e2n\u0103 la 190 mp \/ or\u0103 \u0219i o rezolu\u021bie \u00een mod High Quality de 720 dpi. Sistemul de alimentare \u0219i eliminare material avansat permite imprim\u0103ri lungi lipsite de probleme. Imprimanta con\u021bine un sistem avansat multi-trepte de \u00eenc\u0103lzire, cu mas\u0103 de pre\u00eenc\u0103lzire ultra-lat\u0103 \u0219i uscare cu infraro\u0219ii, de asemenea rezervoarele secundare \u0219i o parte din tubulatura de cerneal\u0103 sunt \u00eenc\u0103lzite. [\/et_pb_tab][et_pb_tab title=&#8221;Date Tehnice&#8221; use_background_color_gradient=&#8221;off&#8221; background_color_gradient_start=&#8221;#2b87da&#8221; background_color_gradient_end=&#8221;#29c4a9&#8243; background_color_gradient_type=&#8221;linear&#8221; background_color_gradient_direction=&#8221;180deg&#8221; background_color_gradient_direction_radial=&#8221;center&#8221; background_color_gradient_start_position=&#8221;0%&#8221; background_color_gradient_end_position=&#8221;100%&#8221; parallax=&#8221;off&#8221; parallax_method=&#8221;on&#8221; background_size=&#8221;cover&#8221; background_position=&#8221;center&#8221; background_repeat=&#8221;no-repeat&#8221; background_blend=&#8221;normal&#8221; allow_player_pause=&#8221;off&#8221; tab_font_select=&#8221;default&#8221; tab_font=&#8221;||||&#8221; tab_line_height=&#8221;2em&#8221; tab_line_height_tablet=&#8221;2em&#8221; tab_line_height_phone=&#8221;2em&#8221; body_font_select=&#8221;default&#8221; body_font=&#8221;||||&#8221; body_line_height=&#8221;2em&#8221; body_line_height_tablet=&#8221;2em&#8221; body_line_height_phone=&#8221;2em&#8221;]<\/p>\n<ul type=\"disc\">\n<li class=\"m_6331668408752108677MsoListParagraph\">Vitez\u0103 imprimare mare vitez\u0103: 190 mp\/or\u0103 la 360&#215;360 dpi<u><\/u><u><\/u><\/li>\n<li class=\"m_6331668408752108677MsoListParagraph\">Vitez\u0103 imprimare produc\u021bie: 135 mp\/or\u0103 la 360&#215;3540 dpi<u><\/u><u><\/u><\/li>\n<li class=\"m_6331668408752108677MsoListParagraph\">Vitez\u0103 imprimare mare vitez\u0103: 70 mp\/or\u0103 la 360&#215;720 dpi<u><\/u><u><\/u><\/li>\n<li class=\"m_6331668408752108677MsoListParagraph\">Capete Konika Minolta 512i de mare vitez\u0103 x 4<u><\/u><u><\/u><\/li>\n<li class=\"m_6331668408752108677MsoListParagraph\">Sistem de \u00eentre\u021binere automat \u00eempotriva \u00eenfund\u0103rii capetelor<u><\/u><u><\/u><\/li>\n<li class=\"m_6331668408752108677MsoListParagraph\">Imprimare rol\u0103 \u2013 rol\u0103<u><\/u><u><\/u><\/li>\n<li class=\"m_6331668408752108677MsoListParagraph\">L\u0103\u021bime maxim\u0103 de imprimare: 3.2 m, lungime nelimitat\u0103<u><\/u><u><\/u><\/li>\n<li class=\"m_6331668408752108677MsoListParagraph\">Dimensiune imprimant\u0103: 4700 L x 1100 A x 1680 \u00ce (mm)<u><\/u><u><\/u><\/li>\n<li class=\"m_6331668408752108677MsoListParagraph\">Temperatur\u0103 de utilizare: 20 \u2013 30\u00a0\u00ba\u00a0C<u><\/u><u><\/u><\/li>\n<li class=\"m_6331668408752108677MsoListParagraph\">Umiditate: 40 \u2013 75%<u><\/u><u><\/u><\/li>\n<li class=\"m_6331668408752108677MsoListParagraph\">Putere maxim\u0103 consumat\u0103: 5.5 kW<\/li>\n<\/ul>\n<p>[\/et_pb_tab][et_pb_tab title=&#8221;Video&#8221; use_background_color_gradient=&#8221;off&#8221; background_color_gradient_start=&#8221;#2b87da&#8221; background_color_gradient_end=&#8221;#29c4a9&#8243; background_color_gradient_type=&#8221;linear&#8221; background_color_gradient_direction=&#8221;180deg&#8221; background_color_gradient_direction_radial=&#8221;center&#8221; background_color_gradient_start_position=&#8221;0%&#8221; background_color_gradient_end_position=&#8221;100%&#8221; parallax=&#8221;off&#8221; parallax_method=&#8221;on&#8221; background_size=&#8221;cover&#8221; background_position=&#8221;center&#8221; background_repeat=&#8221;no-repeat&#8221; background_blend=&#8221;normal&#8221; allow_player_pause=&#8221;off&#8221; tab_font_select=&#8221;default&#8221; tab_font=&#8221;||||&#8221; tab_line_height=&#8221;2em&#8221; tab_line_height_tablet=&#8221;2em&#8221; tab_line_height_phone=&#8221;2em&#8221; body_font_select=&#8221;default&#8221; body_font=&#8221;||||&#8221; body_line_height=&#8221;2em&#8221; body_line_height_tablet=&#8221;2em&#8221; body_line_height_phone=&#8221;2em&#8221;] <iframe loading=\"lazy\" src=\"https:\/\/www.youtube.com\/embed\/JYQjEQ2I3rE\" width=\"420\" height=\"315\" frameborder=\"0\"><\/iframe> [\/et_pb_tab][et_pb_tab title=&#8221;Aplicatii&#8221; use_background_color_gradient=&#8221;off&#8221; background_color_gradient_start=&#8221;#2b87da&#8221; background_color_gradient_end=&#8221;#29c4a9&#8243; background_color_gradient_type=&#8221;linear&#8221; background_color_gradient_direction=&#8221;180deg&#8221; background_color_gradient_direction_radial=&#8221;center&#8221; background_color_gradient_start_position=&#8221;0%&#8221; background_color_gradient_end_position=&#8221;100%&#8221; parallax=&#8221;off&#8221; parallax_method=&#8221;on&#8221; background_size=&#8221;cover&#8221; background_position=&#8221;center&#8221; background_repeat=&#8221;no-repeat&#8221; background_blend=&#8221;normal&#8221; allow_player_pause=&#8221;off&#8221; tab_font_select=&#8221;default&#8221; tab_font=&#8221;||||&#8221; tab_line_height=&#8221;2em&#8221; tab_line_height_tablet=&#8221;2em&#8221; tab_line_height_phone=&#8221;2em&#8221; body_font_select=&#8221;default&#8221; body_font=&#8221;||||&#8221; body_line_height=&#8221;2em&#8221; body_line_height_tablet=&#8221;2em&#8221; body_line_height_phone=&#8221;2em&#8221;]<\/p>\n<table width=\"100%\" cellspacing=\"0\">\n<tbody>\n<tr>\n<td>\u2022 imprimari in grand format !<\/td>\n<td><\/td>\n<\/tr>\n<\/tbody>\n<\/table>\n<p>[\/et_pb_tab][et_pb_tab title=&#8221;Fisiere atasate &#8221; use_background_color_gradient=&#8221;off&#8221; background_color_gradient_start=&#8221;#2b87da&#8221; background_color_gradient_end=&#8221;#29c4a9&#8243; background_color_gradient_type=&#8221;linear&#8221; background_color_gradient_direction=&#8221;180deg&#8221; background_color_gradient_direction_radial=&#8221;center&#8221; background_color_gradient_start_position=&#8221;0%&#8221; background_color_gradient_end_position=&#8221;100%&#8221; parallax=&#8221;off&#8221; parallax_method=&#8221;on&#8221; background_size=&#8221;cover&#8221; background_position=&#8221;center&#8221; background_repeat=&#8221;no-repeat&#8221; background_blend=&#8221;normal&#8221; allow_player_pause=&#8221;off&#8221; tab_font_select=&#8221;default&#8221; tab_font=&#8221;||||&#8221; tab_line_height=&#8221;2em&#8221; tab_line_height_tablet=&#8221;2em&#8221; tab_line_height_phone=&#8221;2em&#8221; body_font_select=&#8221;default&#8221; body_font=&#8221;||||&#8221; body_line_height=&#8221;2em&#8221; body_line_height_tablet=&#8221;2em&#8221; body_line_height_phone=&#8221;2em&#8221;] Click <a href=\"http:\/\/printservice.ro\/Qi-Jet.pdf\">AICI<\/a> pentru fisierul de prezentare PDF pentru imprimanta Qi-Jet ! [\/et_pb_tab] [\/et_pb_tabs][\/et_pb_column][\/et_pb_row][et_pb_row global_parent=&#8221;2057&#8243;][et_pb_column type=&#8221;4_4&#8243;][et_pb_cta admin_label=&#8221;Materiale Print Qi Jet&#8221; global_parent=&#8221;2057&#8243; title=&#8221;Click pe buton pentru a cere mai multe amanunte !&#8221; button_url=&#8221;http:\/\/printservice.ro\/printservice\/contact\/&#8221; button_text=&#8221;Contact&#8221; use_background_color=&#8221;on&#8221; background_color=&#8221;#ff530d&#8221; background_layout=&#8221;dark&#8221; background_position=&#8221;top_left&#8221; background_repeat=&#8221;repeat&#8221; background_size=&#8221;initial&#8221; _builder_version=&#8221;3.0.88&#8243; url_new_window=&#8221;off&#8221; border_style=&#8221;solid&#8221; custom_button=&#8221;on&#8221; button_letter_spacing=&#8221;0&#8243; button_icon_placement=&#8221;right&#8221; button_letter_spacing_hover=&#8221;0&#8243; saved_tabs=&#8221;all&#8221; button_use_icon=&#8221;on&#8221; button_icon=&#8221;%%40%%&#8221; \/][\/et_pb_column][\/et_pb_row][\/et_pb_section][et_pb_section bb_built=&#8221;1&#8243; admin_label=&#8221;section&#8221; background_color=&#8221;#ebeada&#8221; parallax=&#8221;on&#8221; _builder_version=&#8221;3.0.53&#8243; global_module=&#8221;2057&#8243;][et_pb_row admin_label=&#8221;row&#8221; global_parent=&#8221;2057&#8243; background_position=&#8221;top_left&#8221; background_repeat=&#8221;repeat&#8221; background_size=&#8221;initial&#8221;][et_pb_column type=&#8221;4_4&#8243;][et_pb_divider global_parent=&#8221;2057&#8243; color=&#8221;#ffffff&#8221; show_divider=&#8221;off&#8221; height=&#8221;60&#8243; \/][et_pb_text admin_label=&#8221;Imprimante Solvent&#8221; global_parent=&#8221;2057&#8243; background_layout=&#8221;light&#8221; text_orientation=&#8221;center&#8221; background_position=&#8221;top_left&#8221; background_repeat=&#8221;repeat&#8221; background_size=&#8221;initial&#8221; _builder_version=&#8221;3.0.53&#8243; border_style=&#8221;solid&#8221; text_text_color=&#8221;#3f5765&#8243; header_text_color=&#8221;#3f5765&#8243; header_font=&#8221;Cuprum||||&#8221; header_font_size=&#8221;40px&#8221;]<\/p>\n<h1><strong>Imprimante Solvent<\/strong><\/h1>\n<p>[\/et_pb_text][\/et_pb_column][\/et_pb_row][et_pb_row admin_label=&#8221;row&#8221; global_parent=&#8221;2057&#8243; background_position=&#8221;top_left&#8221; background_repeat=&#8221;repeat&#8221; background_size=&#8221;initial&#8221; _builder_version=&#8221;3.0.53&#8243;][et_pb_column type=&#8221;4_4&#8243;][et_pb_image global_parent=&#8221;2057&#8243; src=&#8221;http:\/\/printservice.ro\/printservice\/wp-content\/uploads\/2017\/06\/Human-Qi-Jet.png&#8221; url_new_window=&#8221;off&#8221; animation=&#8221;bottom&#8221; show_in_lightbox=&#8221;on&#8221; _builder_version=&#8221;3.0.53&#8243; use_overlay=&#8221;off&#8221; sticky=&#8221;off&#8221; align=&#8221;left&#8221; always_center_on_mobile=&#8221;on&#8221; border_style=&#8221;solid&#8221; force_fullwidth=&#8221;off&#8221; \/][\/et_pb_column][\/et_pb_row][et_pb_row global_parent=&#8221;2057&#8243; _builder_version=&#8221;3.0.53&#8243; background_position_1=&#8221;top_left&#8221; background_repeat_1=&#8221;no-repeat&#8221; background_position_2=&#8221;top_left&#8221; background_repeat_2=&#8221;no-repeat&#8221; use_custom_gutter=&#8221;on&#8221; make_equal=&#8221;on&#8221; make_fullwidth=&#8221;on&#8221; gutter_width=&#8221;2&#8243; background_position=&#8221;top_left&#8221; background_repeat=&#8221;repeat&#8221; background_size=&#8221;initial&#8221;][et_pb_column type=&#8221;4_4&#8243;][et_pb_tabs global_parent=&#8221;2057&#8243; _builder_version=&#8221;3.0.88&#8243; border_style=&#8221;solid&#8221;] [et_pb_tab title=&#8221;Descriere&#8221; use_background_color_gradient=&#8221;off&#8221; background_color_gradient_start=&#8221;#2b87da&#8221; background_color_gradient_end=&#8221;#29c4a9&#8243; background_color_gradient_type=&#8221;linear&#8221; background_color_gradient_direction=&#8221;180deg&#8221; background_color_gradient_direction_radial=&#8221;center&#8221; background_color_gradient_start_position=&#8221;0%&#8221; background_color_gradient_end_position=&#8221;100%&#8221; parallax=&#8221;off&#8221; parallax_method=&#8221;on&#8221; background_size=&#8221;cover&#8221; background_position=&#8221;center&#8221; background_repeat=&#8221;no-repeat&#8221; background_blend=&#8221;normal&#8221; allow_player_pause=&#8221;off&#8221; tab_font_select=&#8221;default&#8221; tab_font=&#8221;||||&#8221; tab_line_height=&#8221;2em&#8221; tab_line_height_tablet=&#8221;2em&#8221; tab_line_height_phone=&#8221;2em&#8221; body_font_select=&#8221;default&#8221; body_font=&#8221;||||&#8221; body_line_height=&#8221;2em&#8221; body_line_height_tablet=&#8221;2em&#8221; body_line_height_phone=&#8221;2em&#8221;] Imprimanta de ultim\u0103 genera\u021bie,\u00a0<strong>Human Digital Qi-Jet,\u00a0<\/strong>cu noile capete industriale\u00a0<strong>Konika Minolta KM512i,\u00a0<\/strong>stabile\u0219te noi standarde \u00een ceea ce prive\u0219te imprimantele de grand format. Datorit\u0103 construc\u021biei \u00eembun\u0103t\u0103\u021bit\u0103 fa\u021b\u0103 de modelele anterioare \u0219i a noilor capete,\u00a0<strong>Qi-Jet\u00a0<\/strong>poate ob\u021bine printuri de calitate ridicat\u0103 la viteze remarcabile, optim pentru realizarea unei game diverse de aplica\u021bii. Capetele de ultima genera\u021bie (de aprox. 3x mai rapide dec\u00e2t cele din genera\u021bia anterioar\u0103) permit imprimarea cu viteze de p\u00e2n\u0103 la 190 mp \/ or\u0103 \u0219i o rezolu\u021bie \u00een mod High Quality de 720 dpi. Sistemul de alimentare \u0219i eliminare material avansat permite imprim\u0103ri lungi lipsite de probleme. Imprimanta con\u021bine un sistem avansat multi-trepte de \u00eenc\u0103lzire, cu mas\u0103 de pre\u00eenc\u0103lzire ultra-lat\u0103 \u0219i uscare cu infraro\u0219ii, de asemenea rezervoarele secundare \u0219i o parte din tubulatura de cerneal\u0103 sunt \u00eenc\u0103lzite. [\/et_pb_tab][et_pb_tab title=&#8221;Date Tehnice&#8221; use_background_color_gradient=&#8221;off&#8221; background_color_gradient_start=&#8221;#2b87da&#8221; background_color_gradient_end=&#8221;#29c4a9&#8243; background_color_gradient_type=&#8221;linear&#8221; background_color_gradient_direction=&#8221;180deg&#8221; background_color_gradient_direction_radial=&#8221;center&#8221; background_color_gradient_start_position=&#8221;0%&#8221; background_color_gradient_end_position=&#8221;100%&#8221; parallax=&#8221;off&#8221; parallax_method=&#8221;on&#8221; background_size=&#8221;cover&#8221; background_position=&#8221;center&#8221; background_repeat=&#8221;no-repeat&#8221; background_blend=&#8221;normal&#8221; allow_player_pause=&#8221;off&#8221; tab_font_select=&#8221;default&#8221; tab_font=&#8221;||||&#8221; tab_line_height=&#8221;2em&#8221; tab_line_height_tablet=&#8221;2em&#8221; tab_line_height_phone=&#8221;2em&#8221; body_font_select=&#8221;default&#8221; body_font=&#8221;||||&#8221; body_line_height=&#8221;2em&#8221; body_line_height_tablet=&#8221;2em&#8221; body_line_height_phone=&#8221;2em&#8221;]<\/p>\n<ul type=\"disc\">\n<li class=\"m_6331668408752108677MsoListParagraph\">Vitez\u0103 imprimare mare vitez\u0103: 190 mp\/or\u0103 la 360&#215;360 dpi<u><\/u><u><\/u><\/li>\n<li class=\"m_6331668408752108677MsoListParagraph\">Vitez\u0103 imprimare produc\u021bie: 135 mp\/or\u0103 la 360&#215;3540 dpi<u><\/u><u><\/u><\/li>\n<li class=\"m_6331668408752108677MsoListParagraph\">Vitez\u0103 imprimare mare vitez\u0103: 70 mp\/or\u0103 la 360&#215;720 dpi<u><\/u><u><\/u><\/li>\n<li class=\"m_6331668408752108677MsoListParagraph\">Capete Konika Minolta 512i de mare vitez\u0103 x 4<u><\/u><u><\/u><\/li>\n<li class=\"m_6331668408752108677MsoListParagraph\">Sistem de \u00eentre\u021binere automat \u00eempotriva \u00eenfund\u0103rii capetelor<u><\/u><u><\/u><\/li>\n<li class=\"m_6331668408752108677MsoListParagraph\">Imprimare rol\u0103 \u2013 rol\u0103<u><\/u><u><\/u><\/li>\n<li class=\"m_6331668408752108677MsoListParagraph\">L\u0103\u021bime maxim\u0103 de imprimare: 3.2 m, lungime nelimitat\u0103<u><\/u><u><\/u><\/li>\n<li class=\"m_6331668408752108677MsoListParagraph\">Dimensiune imprimant\u0103: 4700 L x 1100 A x 1680 \u00ce (mm)<u><\/u><u><\/u><\/li>\n<li class=\"m_6331668408752108677MsoListParagraph\">Temperatur\u0103 de utilizare: 20 \u2013 30\u00a0\u00ba\u00a0C<u><\/u><u><\/u><\/li>\n<li class=\"m_6331668408752108677MsoListParagraph\">Umiditate: 40 \u2013 75%<u><\/u><u><\/u><\/li>\n<li class=\"m_6331668408752108677MsoListParagraph\">Putere maxim\u0103 consumat\u0103: 5.5 kW<\/li>\n<\/ul>\n<p>[\/et_pb_tab][et_pb_tab title=&#8221;Video&#8221; use_background_color_gradient=&#8221;off&#8221; background_color_gradient_start=&#8221;#2b87da&#8221; background_color_gradient_end=&#8221;#29c4a9&#8243; background_color_gradient_type=&#8221;linear&#8221; background_color_gradient_direction=&#8221;180deg&#8221; background_color_gradient_direction_radial=&#8221;center&#8221; background_color_gradient_start_position=&#8221;0%&#8221; background_color_gradient_end_position=&#8221;100%&#8221; parallax=&#8221;off&#8221; parallax_method=&#8221;on&#8221; background_size=&#8221;cover&#8221; background_position=&#8221;center&#8221; background_repeat=&#8221;no-repeat&#8221; background_blend=&#8221;normal&#8221; allow_player_pause=&#8221;off&#8221; tab_font_select=&#8221;default&#8221; tab_font=&#8221;||||&#8221; tab_line_height=&#8221;2em&#8221; tab_line_height_tablet=&#8221;2em&#8221; tab_line_height_phone=&#8221;2em&#8221; body_font_select=&#8221;default&#8221; body_font=&#8221;||||&#8221; body_line_height=&#8221;2em&#8221; body_line_height_tablet=&#8221;2em&#8221; body_line_height_phone=&#8221;2em&#8221;] <iframe loading=\"lazy\" src=\"https:\/\/www.youtube.com\/embed\/JYQjEQ2I3rE\" width=\"420\" height=\"315\" frameborder=\"0\"><\/iframe> [\/et_pb_tab][et_pb_tab title=&#8221;Aplicatii&#8221; use_background_color_gradient=&#8221;off&#8221; background_color_gradient_start=&#8221;#2b87da&#8221; background_color_gradient_end=&#8221;#29c4a9&#8243; background_color_gradient_type=&#8221;linear&#8221; background_color_gradient_direction=&#8221;180deg&#8221; background_color_gradient_direction_radial=&#8221;center&#8221; background_color_gradient_start_position=&#8221;0%&#8221; background_color_gradient_end_position=&#8221;100%&#8221; parallax=&#8221;off&#8221; parallax_method=&#8221;on&#8221; background_size=&#8221;cover&#8221; background_position=&#8221;center&#8221; background_repeat=&#8221;no-repeat&#8221; background_blend=&#8221;normal&#8221; allow_player_pause=&#8221;off&#8221; tab_font_select=&#8221;default&#8221; tab_font=&#8221;||||&#8221; tab_line_height=&#8221;2em&#8221; tab_line_height_tablet=&#8221;2em&#8221; tab_line_height_phone=&#8221;2em&#8221; body_font_select=&#8221;default&#8221; body_font=&#8221;||||&#8221; body_line_height=&#8221;2em&#8221; body_line_height_tablet=&#8221;2em&#8221; body_line_height_phone=&#8221;2em&#8221;]<\/p>\n<table width=\"100%\" cellspacing=\"0\">\n<tbody>\n<tr>\n<td>\u2022 imprimari in grand format !<\/td>\n<td><\/td>\n<\/tr>\n<\/tbody>\n<\/table>\n<p>[\/et_pb_tab][et_pb_tab title=&#8221;Fisiere atasate &#8221; use_background_color_gradient=&#8221;off&#8221; background_color_gradient_start=&#8221;#2b87da&#8221; background_color_gradient_end=&#8221;#29c4a9&#8243; background_color_gradient_type=&#8221;linear&#8221; background_color_gradient_direction=&#8221;180deg&#8221; background_color_gradient_direction_radial=&#8221;center&#8221; background_color_gradient_start_position=&#8221;0%&#8221; background_color_gradient_end_position=&#8221;100%&#8221; parallax=&#8221;off&#8221; parallax_method=&#8221;on&#8221; background_size=&#8221;cover&#8221; background_position=&#8221;center&#8221; background_repeat=&#8221;no-repeat&#8221; background_blend=&#8221;normal&#8221; allow_player_pause=&#8221;off&#8221; tab_font_select=&#8221;default&#8221; tab_font=&#8221;||||&#8221; tab_line_height=&#8221;2em&#8221; tab_line_height_tablet=&#8221;2em&#8221; tab_line_height_phone=&#8221;2em&#8221; body_font_select=&#8221;default&#8221; body_font=&#8221;||||&#8221; body_line_height=&#8221;2em&#8221; body_line_height_tablet=&#8221;2em&#8221; body_line_height_phone=&#8221;2em&#8221;] Click <a href=\"http:\/\/printservice.ro\/Qi-Jet.pdf\">AICI<\/a> pentru fisierul de prezentare PDF pentru imprimanta Qi-Jet ! [\/et_pb_tab] [\/et_pb_tabs][\/et_pb_column][\/et_pb_row][et_pb_row global_parent=&#8221;2057&#8243;][et_pb_column type=&#8221;4_4&#8243;][et_pb_cta admin_label=&#8221;Materiale Print Qi Jet&#8221; global_parent=&#8221;2057&#8243; title=&#8221;Click pe buton pentru a cere mai multe amanunte !&#8221; button_url=&#8221;http:\/\/printservice.ro\/printservice\/contact\/&#8221; button_text=&#8221;Contact&#8221; use_background_color=&#8221;on&#8221; background_color=&#8221;#ff530d&#8221; background_layout=&#8221;dark&#8221; background_position=&#8221;top_left&#8221; background_repeat=&#8221;repeat&#8221; background_size=&#8221;initial&#8221; _builder_version=&#8221;3.0.53&#8243; url_new_window=&#8221;off&#8221; border_style=&#8221;solid&#8221; custom_button=&#8221;on&#8221; button_letter_spacing=&#8221;0&#8243; button_icon_placement=&#8221;right&#8221; button_letter_spacing_hover=&#8221;0&#8243; saved_tabs=&#8221;all&#8221; button_use_icon=&#8221;on&#8221; button_icon=&#8221;%%40%%&#8221; \/][\/et_pb_column][\/et_pb_row][\/et_pb_section]<\/p>\n","protected":false},"excerpt":{"rendered":"<p>Imprimante Solvent Imprimanta de ultim\u0103 genera\u021bie,\u00a0Human Digital Qi-Jet,\u00a0cu noile capete industriale\u00a0Konika Minolta KM512i,\u00a0stabile\u0219te noi standarde \u00een ceea ce prive\u0219te imprimantele de grand format. Datorit\u0103 construc\u021biei \u00eembun\u0103t\u0103\u021bit\u0103 fa\u021b\u0103 de modelele anterioare \u0219i a noilor capete,\u00a0Qi-Jet\u00a0poate ob\u021bine printuri de calitate ridicat\u0103 la viteze remarcabile, optim pentru realizarea unei game diverse de aplica\u021bii. Capetele de ultima genera\u021bie (de [&hellip;]<\/p>\n","protected":false},"author":1,"featured_media":0,"parent":45,"menu_order":3,"comment_status":"closed","ping_status":"closed","template":"","meta":{"_et_pb_use_builder":"on","_et_pb_old_content":"","_et_gb_content_width":"","footnotes":""},"class_list":["post-53","page","type-page","status-publish","hentry"],"post_mailing_queue_ids":[],"_links":{"self":[{"href":"http:\/\/printservice.ro\/printservice\/wp-json\/wp\/v2\/pages\/53","targetHints":{"allow":["GET"]}}],"collection":[{"href":"http:\/\/printservice.ro\/printservice\/wp-json\/wp\/v2\/pages"}],"about":[{"href":"http:\/\/printservice.ro\/printservice\/wp-json\/wp\/v2\/types\/page"}],"author":[{"embeddable":true,"href":"http:\/\/printservice.ro\/printservice\/wp-json\/wp\/v2\/users\/1"}],"replies":[{"embeddable":true,"href":"http:\/\/printservice.ro\/printservice\/wp-json\/wp\/v2\/comments?post=53"}],"version-history":[{"count":35,"href":"http:\/\/printservice.ro\/printservice\/wp-json\/wp\/v2\/pages\/53\/revisions"}],"predecessor-version":[{"id":2259,"href":"http:\/\/printservice.ro\/printservice\/wp-json\/wp\/v2\/pages\/53\/revisions\/2259"}],"up":[{"embeddable":true,"href":"http:\/\/printservice.ro\/printservice\/wp-json\/wp\/v2\/pages\/45"}],"wp:attachment":[{"href":"http:\/\/printservice.ro\/printservice\/wp-json\/wp\/v2\/media?parent=53"}],"curies":[{"name":"wp","href":"https:\/\/api.w.org\/{rel}","templated":true}]}}